r when -47*(-5 - (-2 + -2)) is divided by s?
15
Let u(h) = -h**3 - 15*h**2 - 16*h - 14. Let c be u(-14). Suppose 2*o = -c + 30. Calculate the remainder when 18 is divided by o.
2
Suppose -f - 84 = -8*f. Let g(o) = 21*o**3 - o**2. Let k be g(1). Let i = k - -1. Calculate the remainder when i is divided by f.
9
Let t(b) = b**3 + 4*b**2 + 3*b. Let s be t(-2). Let j(o) = 6*o**2 - 6 - 2*o**s + 3*o - o**2 - 2*o**2. Calculate the remainder when j(3) is divided by 7.
5
Suppose 32 + 66 = p. What is the remainder when p is divided by 3 + 1 - (-23 + 10/1)?
13
Let h be ((-6)/4)/((-4)/(-24)). Let l = h + 16. Let s(m) = m**2 - 7*m + 9. Calculate the remainder when 31 is divided by s(l).
4
Suppose -3*y + 8*n - 4*n = 31, y + 4*n = -21. Let s = y + 17. Suppose -26 - 2 = -s*r. What is the remainder when 17 is divided by r?
3
Let a = 68 - 62. Calculate the remainder when a + -4 - (-465)/5 is divided by 24.
23
Let a(i) = -i**3 - 11*i**2 - 11*i + 7. Let u be a(-10). Suppose 2*x - n = u + 10, 6 = x - 2*n. Calculate the remainder when 28 is divided by x.
12
Let a = -32 + 48. Suppose 0 = 11*k - 0*k - 143. What is the remainder when a is divided by k?
3
Let s(a) = a**2 - 3*a - 13. Let v be s(8). Suppose 4*r + 0*w = 5*w + 93, -2*w - v = -r. What is the remainder when 48 is divided by r?
14
Suppose -177*z - 540 = -186*z. Suppose 0 = v - 6 - 15. What is the remainder when z is divided by v?
18
Suppose 80 = 133*v - 128*v. What is the remainder when 269 is divided by v?
13
Let c = 493 + -407. What is the remainder when 250 is divided by c?
78
Suppose -86*f = -78*f - 416. Calculate the remainder when f is divided by 16.
4
Suppose -81*u + 86*u - 105 = 0. What is the remainder when 42 is divided by u?
0
Let z(f) = -2*f**2 + 8*f - 5. Let g be z(5). Let n be (-9)/g + 677/5. What is the remainder when 45 is divided by 2/3 + n/12?
9
Let f(d) = 76*d + 773. What is the remainder when 34/1*(-6)/(-4) is divided by f(-10)?
12
Suppose 90 = 6*u - 3*u. Let l be (-24)/(-1 - 2) + 0. Let f(j) = -j**2 + 7*j + 16. What is the remainder when u is divided by f(l)?
6
Let t(s) = 142*s - 79. Calculate the remainder when 74 is divided by t(1).
11
Suppose 5*r - 38 - 1102 = 0. Suppose -5*n + 27 = -3*n + 5*f, 0 = -3*n - f + 8. What is the remainder when (2 + n)/(18/r) is divided by 13?
12
Let d = 85 - -29. Let h = d + -92. Calculate the remainder when h is divided by 16.
6
Let t be (-110)/(-4) - 3/6. Suppose -4*n - 4*r = -3*n - t, 4*n - 66 = -2*r. Let h = 134 + -77. What is the remainder when h is divided by n?
12
Suppose 2*t + 0*t = -4*u + 32, -5*t = 10. Calculate the remainder when 61 is divided by u.
7
Suppose 5*w + 2*y - 160 = 0, y + 3*y = -2*w + 64. What is the remainder when 111 is divided by w?
15
Let u be 291/(-6) - (-12)/(-8). Let b be u/(-12) + (-14)/84. Suppose 0 = -b*w - 2*l + 242, w = 3*w + 5*l - 141. What is the remainder when w is divided by 12?
10
Let f be 6/4*(-64)/(-24). Suppose f*i - 310 = 142. Calculate the remainder when i is divided by 23.
21
Let j be (-6)/14 - (-2430)/(-63). Let a = -12 - j. Let i = 79 + -69. What is the remainder when a is divided by i?
7
Suppose -2*k + 4*j + 14 = 0, 2*j = -2*k - j. Suppose k*p - 2*d - 20 = 0, p + 4*d = -0*p + 2. Calculate the remainder when 20 + (-20)/(-5) + -7 is divided by p.
5
Suppose -21*o + 96 = -19*o. Suppose 0 = -2*p - 3*z - o + 168, z = -2*p + 120. What is the remainder when p is divided by 31?
29
Let l = 282 + -279. Let q = -48 + 70. Suppose 0*m + 2*m = q. Calculate the remainder when m is divided by l.
2
Let y be (3/(-4))/((-3)/12). Let g be (9 - -1)/(y/15). Suppose -4*f + 50 = -g. What is the remainder when f is divided by 7?
4
Suppose -5460 = -20*d + 8*d. Calculate the remainder when d is divided by 38.
37
Let p(h) = h**3 + 11*h**2 + 18*h + 10. Calculate the remainder when p(-9) is divided by 1.
0
Suppose 5*b + 663 = 2*l, 7*l = -4*b + 2*l - 504. Let p = b - -136. Let a = -4 + 11. Calculate the remainder when a is divided by p.
2
Suppose -z + 4*s + 27 = 0, -5*z - 7*s = -8*s - 211. What is the remainder when z is divided by 24?
19
Let m = 90 - 57. What is the remainder when 193 is divided by m?
28
Let q(k) = k**3 - k**2 + 103*k - 321. What is the remainder when -1*2/4*-54 is divided by q(3)?
3
What is the remainder when (-76 + -8)*(-7)/4 is divided by 37?
36
Let h = 2005 + -1414. What is the remainder when (-6)/45 + 3/(135/h) is divided by 4/6 + 13/3?
3
Suppose -h - 856*p + 853*p = -36, 2*p + 214 = 5*h. Calculate the remainder when -11*(-1 + -12 + 2) is divided by h.
37
Let a(b) = -b**3 - 7*b**2 + 13*b - 1. Let p = -1 + -8. Calculate the remainder when a(p) is divided by 15.
14
Calculate the remainder when 299 is divided by ((1212/(-8))/(-1))/((-27)/(-18)).
97
Suppose -2*i = 4*y - 102, -3*y + 120 + 114 = 5*i. What is the remainder when 312 is divided by i?
42
Let o(m) = -3*m**3 - 3*m**2 - 10*m + 7. Calculate the remainder when o(-5) is divided by 72.
69
Suppose -364 = -217*p + 203*p. What is the remainder when 649 is divided by p?
25
Let i = -14 + 20. Suppose -3*r - 4*m = i - 23, 5*r + 2*m = 47. What is the remainder when 30 is divided by r?
8
Let y = 376 - 374. Calculate the remainder when 43 is divided by y.
1
Suppose 5*g + 52 = -5*c + 212, 2*c = 2*g - 80. Calculate the remainder when 58 is divided by g.
22
Let l be 16/6 - 1/(-3). What is the remainder when 32 + 10 + l*(2 - 3) is divided by 14?
11
Let y be (-1)/(-3*(-3)/18). What is the remainder when (y/12*-3)/(3/432) is divided by 20?
12
Let h be ((-202)/(-4))/((-5)/(-10)). Let i = 154 - h. What is the remainder when i is divided by (-448)/(-16)*(-1)/(-2)?
11
Let k(r) = 2*r**2 + 1. Let y be k(1). Let u = y + 0. Calculate the remainder when 8 is divided by u.
2
Let r = 1004 + -949. Calculate the remainder when 494 is divided by r.
54
Suppose -4*z - r + 5*r = -188, -2*z + 5*r + 100 = 0. Suppose -z*k = -43*k - 124. What is the remainder when k is divided by 21?
20
Calculate the remainder when 104 is divided by ((-18)/(-54))/(2/570).
9
Suppose -5*h + 72 = -3*g - 28, 31 = 3*h + 4*g. Calculate the remainder when 81 is divided by h.
13
Suppose 4*x + 13*x - 323 = 0. Suppose 2*l - 184 = -0*l. Calculate the remainder when l is divided by x.
16
Suppose -3*c = 17*y - 21*y - 7, -2*c - y = -12. What is the remainder when c is divided by 3*2/3 - -1?
2
Let k(o) be the first derivative of -4*o**2 - 4*o - 5. Let m = 58 - 35. Calculate the remainder when m is divided by k(-2).
11
Let l(u) = -u - 5. Let s be l(-9). Suppose -67 = s*f - 155. Suppose 2*p - 248 = -3*x - 0*p, -5*x - 4*p + 410 = 0. What is the remainder when x is divided by f?
20
Let s(q) = -12*q**3 - q. Let i be 2 + (-6 - 12/(-4)). What is the remainder when s(i) is divided by 5?
3
What is the remainder when 16 is divided by (-10 - (3 + -1))*32/(-64)?
4
Suppose -12 + 62 = 2*p. Suppose 5 - p = -4*j. What is the remainder when 44 is divided by (j + -6)*15/(-1)?
14
Let b = 624 - 332. Calculate the remainder when b is divided by 37.
33
Let u be -1 + 78 - (1 - 0). Let i be (1 + 0)*2 + -9 + 11. What is the remainder when u - 9/((-18)/i) is divided by 40?
38
Suppose 3*f + 134 - 179 = 0. Let j = 12 - 7. What is the remainder when f is divided by j?
0
Suppose 3*p - 362 = -2*d, 0 = -2*p - 3*p - 2*d + 602. Let q = -16 - -57. What is the remainder when p is divided by q?
38
Let x(c) = -c**3 - 14*c**2 - 9*c - 26. Calculate the remainder when x(-15) is divided by 57.
49
Let m be (-5 + (-2)/(-1))/((-6)/(-56)). Let n = m + 145. What is the remainder when n is divided by 40?
37
Let q(p) = -67*p**3 + 2*p + 1. Let b be q(-1). Suppose -18 = -b*l + 63*l. Calculate the remainder when 20 is divided by l.
2
Let c(n) = n**2 - 7*n - 7. Let d(m) = -m**2 + 13*m + 13. Let a(t) = 7*c(t) + 4*d(t). Calculate the remainder when 69 is divided by a(-2).
6
Let f = 286 - 281. Calculate the remainder when 83 is divided by f.
3
Let w(s) = 4*s + 36. Let j be w(7). Suppose 0 = -14*i + 10*i + j. Calculate the remainder when i is divided by 5.
1
What is the remainder when 155 is divided by (12 - 65/5) + 48?
14
Let w(d) = 3*d**2 + 20*d - 2. Let p be w(3). Let b = p + -60. Calculate the remainder when 45 is divided by b.
20
Let q(x) = 10*x + 148. What is the remainder when q(24) is divided by 23?
20
Let d(f) = 4*f + 133. What is the remainder when 32 is divided by d(-31)?
5
Le